. Let u be r(-3). Let g = u + -43. What are the prime factors of g?
2, 3, 11
Suppose 686*g = 692*g - 4866. Let u = g - 290. What are the prime factors of u?
521
Suppose 2*h = 11*h + 18. Let z(a) = -a**2 - 2*a + 4. Let p be z(h). Suppose -p*j + 78 = -3*j. List the prime factors of j.
2, 3, 13
Let f(r) = -184*r**3 - 2*r - 1. Let b be f(-1). Let h = 53 + b. Suppose 5*q = 387 + h. What are the prime factors of q?
5
List the prime factors of (-48)/12 - (9 - 50*370).
7, 19, 139
Suppose 102 = -5*s - 183. What are the prime factors of 5/((-15)/45 + (-20)/s)?
3, 5, 19
Let r = 31529 - 20202. List the prime factors of r.
47, 241
Let u(x) = 3*x**2 - x - 11. Let y be u(4). Suppose 0 = y*i - 31*i - 830. List the prime factors of i.
5, 83
What are the prime factors of (2/12)/(26/446004)?
3, 953
Let n(d) = d**3 + 11*d**2 + 18*d + 6. Let t be n(-11). List the prime factors of (-9)/(2 - (-393)/t).
2, 3
Let p = 1682 + -200. Let v = 3096 - p. What are the prime factors of v?
2, 3, 269
Suppose 4 = 12*k - 8*k. Let t be (k/3)/((-185)/(-30) - 6). Suppose 0 = -3*n - 12, 2*n + 0*n = t*s - 34. List the prime factors of s.
13
Let m(d) be the second derivative of d**5/20 - 7*d**4/6 + 6*d**3 - 9*d**2/2 + 8*d + 2. List the prime factors of m(12).
3, 5
Let o(x) = -2*x**2 - 91*x - 261. List the prime factors of o(-36).
3, 47
Suppose -y + 90 = 5*y. Suppose -5*a = -v - y + 40, 2*v = -4*a - 6. What are the prime factors of 24/5*v*(-20)/(-8)?
2, 3, 5
Let a = 38 - 38. Suppose -3*l + 3 - 3 = a. Suppose 6*h - h - 405 = l. What are the prime factors of h?
3
Let c = 2885 + 2098. What are the prime factors of c?
3, 11, 151
Let r = 222 + -199. Suppose 5244 = r*i - 4*i. List the prime factors of i.
2, 3, 23
Let r = 12810 - 8670. Let o = -2761 + r. List the prime factors of o.
7, 197
Let i be 1/((-28)/(-55416)) + (-1)/7. Let w = i - 1335. What are the prime factors of w?
2, 7, 23
Suppose 5*c - 1555 = 2*k, 0 = 11*c - 13*c - 5*k + 651. Let y = 655 - c. List the prime factors of y.
2, 3, 19
Suppose -12*k + 4129 = j - 10*k, -4*j + 16510 = 5*k. What are the prime factors of j?
3, 5, 11
Suppose 17 = 5*b - 28. Suppose 5*i + o = b*i - 2572, -4*o + 2572 = 4*i. What are the prime factors of i?
643
Let b(f) = 34*f**2 + 17*f - 10. List the prime factors of b(-6).
2, 139
Suppose -851*q = -847*q + 5*v - 90390, -22566 = -q + 4*v. List the prime factors of q.
2, 3, 5, 251
Let d(h) = h**3 + 7*h**2 + 7*h + 2. Let t be d(-4). Suppose w - 7*g = -2*g - 17, 0 = 4*w - 2*g - t. List the prime factors of (106/w)/((-3)/(-36)).
3, 53
Let p(n) be the first derivative of -n**3/3 + 3*n**2 - n + 3. Let t be p(6). Let a(d) = -38*d**3 + 2*d + 2. List the prime factors of a(t).
2, 19
Let f(x) = 14*x - 23. Suppose 75 = 10*w - 5. Let b be f(w). Suppose -j - 5*s + b = 0, -2*j + 0*s = 4*s - 172. What are the prime factors of j?
2, 3, 7
Suppose -p = 9*l - 6*l - 275, 2*p = -2*l + 530. Let r = p - -553. What are the prime factors of r?
3, 271
Suppose 5*s + w = 334, 2*s - s = 2*w + 69. Let c = -64 + s. Suppose -c*b = -363 + 66. List the prime factors of b.
3, 11
Let q = -12956 + 22004. What are the prime factors of q?
2, 3, 13, 29
Let g(c) = 63*c**3 - 2*c**2 - 3*c + 1. Let x be g(-2). Let v = x + 892. List the prime factors of v.
3, 43
Suppose -k + 214 - 213 = 0. Let v be 1 + k - (-10 + 7). What are the prime factors of ((-358)/(-12) + v/30)*7?
2, 3, 5, 7
Let y(k) be the third derivative of -k**5/60 + k**4/8 - k**3/6 - 21*k**2. Let j be y(3). What are the prime factors of (-69 - 16)/((-2)/(-4) + j)?
2, 5, 17
Let b be (-7)/(-21) + 2/3. Let s be (b + 0)*(1 - -2*2). Suppose 1209 = s*p + 254. What are the prime factors of p?
191
Let v be ((1 - 3) + 0)*5/(-10). Let q(w) = 7*w + 3 + 4 - 7 + v. What are the prime factors of q(4)?
29
Let y = 533 + -143. Suppose -2*k - 2*u = -4 - 12, 4 = 3*k - u. Suppose 0*b + k*b - y = 0. What are the prime factors of b?
2, 5, 13
Suppose u + 29 - 164 = 0. Suppose 5*v - u = -4*v. What are the prime factors of v/(-2)*(-540)/50?
3
Let s be 3/(24/(-7864)) + -5. Let a = s + 2085. What are the prime factors of a?
1097
Suppose -7*o + 4*o = 462. List the prime factors of ((-66)/(-2))/(21/o*-1).
2, 11
Let n(g) = -g**3 + 6*g**2 + g - 4. Let b be n(6). Suppose -2*t - 3*l = -547, b*t - 2*l + 43 = 595. What are the prime factors of t?
5, 11
Suppose 182*r - 3575613 = -37*r. What are the prime factors of r?
29, 563
Let s = 13018 + -3926. What are the prime factors of s?
2, 2273
Let m be (-16 + 11 + -167)*1*-1. Let x = 334 - m. List the prime factors of x.
2, 3
Let i(q) = -64*q**3 + 8*q**2 + q + 10. List the prime factors of i(-5).
3, 5, 547
Suppose 4*f = 3*k + 2582, -8*f + 2568 = -4*f + 4*k. Let i = f - -218. List the prime factors of i.
2, 431
Let n be (-2 - (-6 - -5)*105) + 4. Let a = 262 - n. What are the prime factors of a?
5, 31
Suppose -4*m + 260 = -9*a + 6*a, -a = 3*m - 182. Suppose -h = -5*h + 16. Suppose 2*i = 5*i - 5*g - 203, i = -h*g + m. What are the prime factors of i?
2, 3, 11
Suppose 0 = 157*n + 50502 - 2602380. What are the prime factors of n?
2, 3, 7, 43
What are the prime factors of (-5115)/31*1*31*-5?
3, 5, 11, 31
Suppose 3*q + 44179 = 4*o, -q + 45322 = 4*o + 1147. List the prime factors of o.
2, 11, 251
Let p(n) = n**3 + 3*n**2 - 8*n + 118. Let r be p(13). Suppose -17*q = -8*q - r. What are the prime factors of q?
2, 151
Let s be -3 + -4 + (223 - 1). Let i be 42/35*s/2. Suppose 5*y - i = -0*y - 4*u, -79 = -3*y - 2*u. List the prime factors of y.
29
Suppose -26*m + 28*m - 14 = 0. Suppose -m*x - 16*x + 6578 = 0. What are the prime factors of x?
2, 11, 13
Let k(a) = 2377*a - 3257. What are the prime factors of k(6)?
5, 31, 71
Let h(l) = l**2 - 9*l + 10. Let k be h(1). Suppose 4*q = -4*r + 1544, 0*r = q - k*r - 392. What are the prime factors of q?
2, 97
Suppose 2*b + 4*t = 7*b + 285, 2*b + 126 = 4*t. Let v = -47 - b. List the prime factors of (v/15)/((-2)/(-600)).
2, 3, 5
Let y be (-16)/(-6)*(25/(-2) - 1). Let o = -33 - y. Suppose d + 322 = 2*r, -o*d + 644 = 4*r - 8*d. What are the prime factors of r?
7, 23
Suppose 160 = p + 4*o, -7*o = -3*o + 20. Suppose -5*h + 1518 = k, h + p - 480 = k. List the prime factors of h.
3, 101
Suppose 6*t + 7*t = -78. Let z(c) = c**3 + 4*c**2 - 7*c - 9. Let f be z(t). Let k = f + 155. List the prime factors of k.
2, 29
Suppose -10*d = -3*d - 4942. Let n = d + -430. List the prime factors of n.
2, 3, 23
Suppose 43 = -2*h + 595. Suppose -2*u + h = -570. List the prime factors of u.
3, 47
Let z = 538 - 148. Let s(q) = -q**3 - q**2 - 4. Let m be s(-2). Suppose m = 10*u - 5*u - z. List the prime factors of u.
2, 3, 13
Let q = 5619 - -2110. List the prime factors of q.
59, 131
Let l(z) be the first derivative of z**3/3 - 5*z**2 + 43*z - 61. What are the prime factors of l(17)?
2, 3
Let u(n) = -n**3 - 7*n**2 - 12*n - 2. Let l be -2 + (13 - 1)/(-4). List the prime factors of u(l).
2
List the prime factors of (16952/(-78))/((-8)/264).
2, 11, 163
Let v(x) = x**3 + 17*x**2 + 2*x + 44. Let d be v(-17). Let u(i) = 26*i - 155. What are the prime factors of u(d)?
3, 5, 7
Let r = -1551 + 7341. List the prime factors of r.
2, 3, 5, 193
Let v(f) = 221*f**2 - 2*f + 118. What are the prime factors of v(19)?
79861
Let n be ((-34)/14 - -3)/(6/42). Suppose 6*b - n*d - 936 = 4*b, 5*b - 4*d - 2322 = 0. What are the prime factors of b?
2, 3, 7, 11
Suppose 3*d - 4*z = 23, 3*d - 5*d + 20 = 2*z. Suppose -d*j + 228 = -240. What are the prime factors of j?
2, 13
Let b = -1278 + 6562. Suppose 5*y + 2059 - b = 0. List the prime factors of y.
3, 5, 43
Suppose -17*a = -2*u - 22*a + 24516, u - 12243 = 5*a. What are the prime factors of u?
12253
Suppose -6*x + 3*x + 6 = 0. Suppose -6*c = -x*c - 12, -13 = -g - 3*c. Suppose -8*d + g*d = -16. What are the prime factors of d?
2
Let p(n) = 7*n - 9. Let i be p(3). Let f = -18 + i. What are the prime factors of (4/f)/((-10)/735)?
7
Let l be -8*((-6)/(-4) - 4/2). Suppose -4*g - 12 = 4*c, -l*c + 4*g - 24 = 2*g. What are the prime factors of ((-20)/6)/c + 530/6?
89
What are the prime factors of ((-8)/20)/((-5)/427300)?
2, 4273
Let m(p) = 13*p**2 - 14*p - 34. Let a be m(11). Let n = -545 + a. What are the prime factors of n?
2, 3, 5, 7
Suppose -10*d = -782 - 328. Suppose 2725 = -d*y + 116*y. List the prime factors of y.
5, 109
Suppose -4*n + 47265 = h, -3*n - 4042